est common divisor of 175 and g?
35
Suppose -148*r + 151*r - 51 = 0. Calculate the greatest common divisor of r and 459.
17
Let a(z) = 10*z + 2. Let m(c) = c**2 - 16*c - 11. Let y be m(17). Let x be a(y). What is the highest common factor of 155 and x?
31
Let p = 525 + -182. Calculate the highest common divisor of 7 and p.
7
Let b = 40 - 2. Let s be (-40 + -36)/(3/(30/(-4))). Calculate the highest common divisor of s and b.
38
Let d(c) = c**2 + 23*c + 6. Let g be d(-23). Suppose 5*i = -7*l + g*l + 25, 3*l - 7 = 2*i. What is the greatest common divisor of i and 40?
4
Let n be ((-33)/6)/((-1)/14). Suppose 9*y - 18 = 6*y. Let u be y + -9 - (-10 - 0). Calculate the highest common factor of n and u.
7
Let s be 7*2/7 + 10. Calculate the highest common factor of s and 48.
12
Let g(h) = 33*h**2 - h - 2. Let c be g(-1). Let i(r) = -r**2 + 8. Let a be i(0). Calculate the highest common divisor of c and a.
8
Suppose 11 - 123 = -14*g. What is the highest common divisor of 104 and g?
8
Let t be (-96)/48 - (-2 - 2). Let b be (-52)/(-6) - 2/3. What is the greatest common divisor of b and t?
2
Suppose 4*v - 124 = -0*v. Suppose -4*l - 37 + 161 = 0. What is the highest common divisor of l and v?
31
Suppose 50*m + 5*a - 55 = 45*m, -3*m = a - 25. What is the greatest common divisor of m and 1267?
7
Let p = -76 + 32. Let o be (-1)/(136/p - -3). Let k be (-36 - -3)*(-1)/3. What is the greatest common divisor of k and o?
11
Suppose 3*g - 119 = 73. What is the greatest common factor of 72 and g?
8
Suppose 0 = r - 4 + 1. Suppose 2*x + 33 = 5*l, r*l - 2*x - 23 = -0*x. Suppose -2*c = -d - 31, 2*d = -3*d - l. What is the greatest common divisor of 30 and c?
15
Suppose 0*g + 4*g = -b + 1003, -5*b - 1285 = -5*g. Calculate the highest common divisor of 224 and g.
28
Suppose -5*d + 74 = -241. Calculate the highest common divisor of d and 28.
7
Let n be 11 + (-1 - 5) + 2*3. What is the highest common factor of n and 143?
11
Suppose 98 = 4*l + 26. Let c(b) = -2*b**2 + l*b - 3*b**2 - b**3 - 15*b. Let z be c(-6). Calculate the highest common factor of z and 54.
18
Suppose -281 - 79 = -20*v. Let c = -44 - -24. Let x be v/5*c/(-6). Calculate the highest common divisor of x and 96.
12
Let a = -36 + 48. Let z(l) = l**3 - 11*l**2 - 7*l + 20. Let t be z(a). Suppose -2*f + 3*f - 16 = 0. What is the highest common factor of t and f?
16
Let x(g) = -16*g + 240. Let w be x(5). What is the highest common factor of 256 and w?
32
Let p(r) = -r**3 + 7*r**2 + 4*r + 3. Let t be p(6). Let c = 34 + -21. Let x = 22 - c. Calculate the greatest common factor of x and t.
9
Let h(t) = -22*t - 95. Let k be h(-5). What is the greatest common divisor of k and 135?
15
Suppose -g = 4*z - 7, 3*g - 2*g - 2*z = 19. Let a(l) = 2*l + 11. Let d be a(5). Let m be (d/(-35))/((-2)/50). What is the greatest common factor of g and m?
15
Let j be (40 + -45)*(-108)/5. Calculate the greatest common factor of j and 9.
9
Suppose 19*q = 42*q - 9430. Calculate the greatest common divisor of q and 328.
82
Suppose 0 = -3*i - 4 + 16. Let g be (-7)/(1428/(-8952)) - 6/153*-3. What is the greatest common divisor of g and i?
4
Let n = -11 + 23. What is the greatest common factor of 30 and n?
6
Let c be 17/(3 + 3 + -5). Calculate the highest common factor of c and 187.
17
Let b = -301 + 345. Calculate the highest common divisor of 671 and b.
11
Let f(t) = t**3 - t**2 + 2*t + 8. Let k be f(0). Let r = 11 + -6. Suppose -r*n + 96 = -2*n. What is the highest common divisor of n and k?
8
Let p = -567 - -855. Suppose 0 = 3*b + 29 - 125. Calculate the highest common factor of b and p.
32
Suppose -4*s = -1273 - 871. Suppose 0 = -10*w + s + 1064. Calculate the highest common factor of w and 10.
10
Let g be ((-408)/(-9))/(-4)*(-90)/12. What is the greatest common factor of 5 and g?
5
Suppose -m + 5*t = 3*m - 431, -223 = -2*m + t. Suppose 2*d + 2*q = m, -2*q - 77 = -d - 7*q. What is the highest common factor of d and 39?
13
Let v = -22 + 28. Suppose v*z - 555 = -9*z. What is the greatest common factor of z and 74?
37
Suppose -5*c + 2*a = -31, c - 4*a = 13 + 4. Let t = -1 + c. Let x be t + 13/(13/48). Calculate the highest common factor of 13 and x.
13
Suppose -58 - 158 = -4*g. Suppose 0*j - 2*i + 84 = 4*j, -3*i = -3*j + g. Calculate the highest common divisor of j and 180.
20
Let g = -24 - -18. Let o be (-23 + -1)/(g/4). What is the highest common divisor of o and 128?
16
Let o = -49 - -133. Let q(n) = n**2 + 20*n + 76. Let u be q(-12). Let a = u + 32. What is the highest common factor of o and a?
12
Let w = 30 - 2. Suppose -7*k + w = 7. What is the highest common divisor of k and 21?
3
Let d(o) = 9*o**2 - o - 2. Let r be d(-1). Let v = r + 13. What is the greatest common divisor of v and 105?
21
Suppose -x = 2*g - 1892, 0 = -3*g - 0*x - x + 2836. Suppose 8*r - 2840 - g = 0. Calculate the highest common divisor of r and 43.
43
Suppose 3*u + 7*u = -300. Let z be (-5)/u - (0 + 59/(-6)). Calculate the highest common divisor of 30 and z.
10
Suppose -5*k + 93 = -2*o, -4*k + 7*k - 4*o - 67 = 0. Let v be (2 - 87)*(1 + -2). What is the greatest common factor of v and k?
17
Suppose -3*n - 358 - 5 = 0. Let w = 231 + n. Calculate the highest common divisor of 20 and w.
10
Let h be (-10)/12 - (-1790)/60. What is the highest common divisor of h and 464?
29
Let l(z) = 10*z + 8. Let c be l(8). Suppose 86*a = c*a - 18. What is the greatest common divisor of 117 and a?
9
Let s = 1277 - -1184. What is the greatest common divisor of s and 23?
23
Suppose -16*q + 5330 = 25*q. Calculate the greatest common divisor of q and 20.
10
Let u be 144/14 + 8/(-28). Suppose 2*q - 792 = -2*q. Suppose 2*l + 18 = q. What is the highest common divisor of l and u?
10
Let r = 21 - 17. Suppose -3*i = -r*i + 1. Suppose 0 = 2*s + 3*s - 5. What is the highest common divisor of s and i?
1
Let j(s) = s**2 + 7*s - 6. Let t be j(5). Let u be (28/(-77))/2 + 204/33. Calculate the highest common factor of t and u.
6
Let v = -84 - -65. Let f be -39*1/(0 + -1). Let y = v + f. Calculate the greatest common divisor of y and 140.
20
Let o be (-24)/(-72) + -3*(-10)/(-9). Let b = o - -13. Calculate the greatest common divisor of 35 and b.
5
Let u = 282 - 261. Calculate the greatest common divisor of u and 14.
7
Let q(w) = 4*w + 476. Let h be q(0). What is the greatest common divisor of h and 84?
28
Suppose -3*q = 3*h - 591, 12*q = 8*q - 4. Calculate the greatest common factor of h and 54.
18
Suppose -3*d = -6*d + 39. Suppose -15*i + d*i + 22 = 0. Calculate the highest common divisor of i and 99.
11
Let m be -10 + (-3 - -9)*(-1)/3. Let b be ((-2)/(-2)*-3)/(m/64). Calculate the highest common divisor of 128 and b.
16
Suppose -5*v = -12*j + 9*j - 1606, 5*j - 1590 = -5*v. What is the highest common divisor of 20 and v?
20
Let d = -5 + 17. Let p(w) = w**2 - 4*w - 2. Let q be p(4). Let a be (q + 6/7)*(-28)/8. What is the greatest common divisor of d and a?
4
Let q = 8 + 64. Calculate the greatest common divisor of q and 2.
2
Suppose 0 = -2*h - n + 383 + 193, n = 2. Calculate the greatest common factor of h and 328.
41
Let v be 0/2*(-4)/(-8). Suppose -417 = -2*x - x - 3*r, v = -5*x - 4*r + 692. What is the highest common factor of 17 and x?
17
Let a(j) = -2*j + 5 - 11 + 3*j + j + 32*j**2. Let q be a(2). Calculate the highest common divisor of 18 and q.
18
Suppose 13*u - 446 = 373. What is the highest common divisor of 27 and u?
9
Let n(a) = -a + 112. Let m be n(0). Let i = -7 + 14. Suppose i*p = -0*p + 98. Calculate the greatest common divisor of p and m.
14
Suppose -88*m = -80*m - 184. Suppose 0 = 3*c + 2*c - 25. Suppose n = -c*b + 226, 2*b = 7*b - 2*n - 238. Calculate the greatest common factor of b and m.
23
Let b(y) = y**3 + 2*y**2 + 5*y - 2. Let j be b(-5). Let w = -52 - j. What is the highest common factor of w and 75?
25
Suppose 5*h - 746 = 3*h + r, 0 = 4*h + 4*r - 1504. Calculate the highest common divisor of 22 and h.
22
Suppose 1456*t - 1461*t + 45 = 0. Let x = -67 - -220. Calculate the highest common divisor of t and x.
9
Let l = 15 - 0. Calculate the greatest common divisor of l and 105.
15
Let v(s) = 7*s + 136. Let m be v(-18). What is the greatest common factor of 245 and m?
5
Suppose 3*r - 5*c + 244 = 7*r, -r = 4*c - 72. Suppose -3*b = -3*o + 8*o - 16, -6*o - 13 = -b. What is the great